0. Suppose -t + 178 = 4*c + c, -3*t = 4*c - x. Suppose 39 = 3*a - t. List the prime factors of a.
2, 37
List the prime factors of ((-60)/(-35))/((-136820)/(-19544) - 7).
2, 349
Let j = 125 - 125. Suppose 2 - 8 = -3*k. Suppose -p = 2*o - 107, 5*o + k*p = -j*p + 268. What are the prime factors of o?
2, 3
Let a = 21 + -17. Let g be (2/a)/(9/666) + -2. What are the prime factors of 1323/g - (-1)/5?
2, 19
Suppose 0 = -2*q + 4*r + 22308, -393*q + 392*q = -5*r - 11160. What are the prime factors of q?
2, 5, 223
Suppose 3*g = c - 0*g - 252, -3*c = g - 706. What are the prime factors of c?
3, 79
Let v(y) = 3*y + 17. Let q be v(-5). Suppose 5*j + 4 = q*k + j, 4 = 5*k - 4*j. Suppose 4 = t - k*t - 3*d, 0 = -3*t + 2*d + 19. List the prime factors of t.
7
Let n(z) = 4*z**2 + 36*z + 31. Let b be n(-18). List the prime factors of (-21)/(-189) + 4*b/18.
151
Suppose 1008641 + 777258 + 2049413 = 104*x. List the prime factors of x.
2, 18439
Suppose 0 = 3*j - 0*j, -2*i + 3*j = 0. Suppose 3*n + i*p + 10 = p, p - 7 = 2*n. List the prime factors of (n/2)/(12/(-160)).
2, 5
Let f(m) be the first derivative of m**3 + 11*m**2/2 - 44*m - 36. Let a be f(6). Suppose -o + a = o. List the prime factors of o.
5, 13
Let x be (6/36*0)/(-2). Suppose x = 13*w - 6491 + 810. List the prime factors of w.
19, 23
Let b = 807 + -805. Suppose 0*n - 8 = b*n, 4*h - n = 4780. List the prime factors of h.
2, 3, 199
Let p = 4451 + -1358. List the prime factors of p.
3, 1031
Let x(j) = j - 12. Let r be x(20). Suppose r*i + 28 = i. What are the prime factors of i + (-1 - (-63)/1)?
2, 29
Suppose 15*j - 27*j = -48. Suppose -7*w = -4*w + 5*y - 1270, j*y = 8. What are the prime factors of w?
2, 3, 5, 7
Let x(s) = s**3 + 17*s**2 + 16*s - 33. Let w = 8 - 24. Let z be x(w). Let k = 23 - z. What are the prime factors of k?
2, 7
Suppose -63*g - 280 = -67*g. Suppose g*o - 67*o = 96. List the prime factors of o.
2
Suppose -6*m + m - 3*y + 28686 = 0, 3*y - 5742 = -m. Suppose 0 = -4*t - 4*s + m, -2*s + 0*s - 1431 = -t. What are the prime factors of t?
1433
Let p(a) = -12*a**3 - 8*a + 6. Let f be p(-4). What are the prime factors of (14 + -13)/((1 + 1)/f)?
13, 31
Let g = 13431 + 5864. What are the prime factors of g?
5, 17, 227
Suppose 10*i + 5*i - 5*i = 55360. What are the prime factors of i?
2, 173
Let a = -511 - -627. Let h = a - -252. List the prime factors of h.
2, 23
What are the prime factors of 45/(2655/2221232) + -2*5/(-2)?
3, 7, 11, 163
Suppose 0 = 12*j - 3359 + 1103. Suppose -2*m = 2*k - j, 0*m = k + 5*m - 98. What are the prime factors of k?
3, 31
Let s be 7/2 + (6/4)/(-1). Suppose s*t - 177 = 389. List the prime factors of t.
283
Let f(n) = 3*n - 2. Let b(u) = u + 1. Let v(k) = 10*b(k) - 5*f(k). Let j be 1/1*(44 + -49). List the prime factors of v(j).
3, 5
Let l be ((-366)/2)/(82/(-3690)). Suppose 14169 + l = 12*z. What are the prime factors of z?
1867
Let x(m) = -m**2 + m + 126. Let q be x(0). Let t be 3 + (-18)/q + 40/(-14). Suppose t = -63*b + 59*b + 372. List the prime factors of b.
3, 31
Let s(p) = p**2 + 7*p + 22. Let j be s(-11). Suppose j = -c - 16. Let i = -53 - c. What are the prime factors of i?
29
Let g(o) = -26*o - 7. Let u be g(-5). Let i = -53 - -57. Suppose -u = -i*z + 9. What are the prime factors of z?
3, 11
Suppose 155*a - 12 = 152*a, 0 = -3*x + 3*a + 14580. What are the prime factors of x?
2, 19
Let j(s) = -s**3 - s**2 - 1. Let w(l) = -20*l**3 - 3*l**2 + l + 1. Let q(g) = -j(g) + w(g). Let t be q(-1). List the prime factors of 1930/t - 2/9.
107
Suppose -2193 + 2205 = 6*x. Let w be (-17)/(-4) + (-2)/8. Suppose 71 = -l + 2*l + 5*v, w*l - x*v = 284. What are the prime factors of l?
71
Let k be (-56)/10*(-5 - 0). Let f(z) = 61*z - 119. Let n be f(3). What are the prime factors of (-1488)/(-14) + (n/k)/(-8)?
2, 53
Suppose 0 = -56*k - 188110 + 2304686. List the prime factors of k.
2, 11, 859
Let g(d) = -d**2 + 11*d - 22. Let l be g(8). Suppose -j = 2*f - 3, 4*f = j + 2*j + 21. Suppose 5*z + 159 = l*v, f*z + 157 = v + v. List the prime factors of v.
7, 11
Let r = 14106 - -22264. List the prime factors of r.
2, 5, 3637
Suppose -367*r + 552299 = -344*r. What are the prime factors of r?
11, 37, 59
Let n = 16220 + -9100. List the prime factors of n.
2, 5, 89
Let l(b) = -30*b + 218. Let y(m) = 32*m - 215. Let g(q) = 2*l(q) + 3*y(q). What are the prime factors of g(14)?
5, 59
Suppose 0 = -3*d - d + 16. Let a be (24/(-30))/(d/30). Let z = a + 75. List the prime factors of z.
3, 23
Let b(h) = 1439*h**2 + 2*h. Let s be b(-1). Suppose -s - 147 = 6*r. Let z = 372 + r. List the prime factors of z.
2, 3
Let w(v) = -56*v**3 - v**2 - 3*v - 3. Let d be 0 + (8/(-1))/(-4). Let s be (1/2)/((-1)/d). What are the prime factors of w(s)?
5, 11
Suppose 6*a = a + 2*c - 84, 4*c = -a - 8. Suppose -d = -4*i - 1 - 10, 24 = 4*d + 4*i. Let g = d - a. What are the prime factors of g?
23
Let c = -111 - -126. Suppose 9*f + 4*d = 14*f - 313, -5*d + c = 0. List the prime factors of f.
5, 13
Let w be -3 - (-19)/6 - 260/(-24). Suppose 0 = -w*j + 2994 + 7071. What are the prime factors of j?
3, 5, 61
Let w = -74 - -79. Suppose 0*o = -w*o + 30. Suppose -o*r + 648 = 3*r. List the prime factors of r.
2, 3
Let t(s) = 6305*s**2 + s + 1. Let k be t(-1). Suppose -45*b = -58*b + k. What are the prime factors of b?
5, 97
Suppose -5*d + w + 1 = -2*d, 3 = -d + 2*w. Let z(y) be the second derivative of 12*y**5/5 + y**4/6 + y**3/3 - y**2 + 15*y. What are the prime factors of z(d)?
2, 5
Suppose -13*u = -10*u + 390. Let y be u - -6*4/(-8). Let g = 331 + y. What are the prime factors of g?
2, 3, 11
Suppose -7*i + 2*i = -40. Suppose 6*v - i = 10. Suppose 0 = -5*h + v*q + 177, 0 = -3*h + 3*q + 2*q + 119. List the prime factors of h.
3, 11
Suppose 47*s = 31*s + 32. Suppose 231 = 2*g + 3*f - 581, -2*g + s*f + 792 = 0. What are the prime factors of g?
2, 5
Suppose 18*z - 8 = 16*z. Suppose 5*t - 2 = 5*g - 12, 2 = z*t + g. Suppose t = -3*m + m + 3*q + 220, -4*q - 332 = -3*m. List the prime factors of m.
2, 29
Let u(t) = -t**2 + 2*t + 24. Let v be u(6). What are the prime factors of (-378 + v)*36/(-54)?
2, 3, 7
Let a = 218 - 185. Let o(f) = -f**2 + 62*f + 59. List the prime factors of o(a).
2, 127
Suppose -x - 5*l = 22, 2*l = 4*x - l - 27. Suppose -20*o - x = -17*o. List the prime factors of ((-4960)/(-120))/(((-2)/3)/o).
2, 31
Suppose 111*x = 114*x - 41957 - 12367. What are the prime factors of x?
2, 3, 503
Let k = 45596 + -14349. What are the prime factors of k?
31247
Suppose -2*j + 0*j - 3*p + 6 = 0, -5*p = 3*j - 10. Suppose 2*x + u = -2*x + 311, -5*x - 2*u + 385 = j. Suppose x = -7*c + 338. List the prime factors of c.
37
Let n(l) = 320*l + 492. List the prime factors of n(50).
2, 7, 19, 31
Let w = 16133 - 11430. Suppose 23171 - w = 27*s. What are the prime factors of s?
2, 3, 19
Let g = -40 + 47. What are the prime factors of (-9750)/(-70) - 2/g?
139
Suppose 0 = 14*t - 1469 - 2269. Let v = t - 151. What are the prime factors of v?
2, 29
Let w = 5654 - 57. List the prime factors of w.
29, 193
Let c = -48 + 48. Let b be -3 + (c - 2/(-2)). Let s(o) = 28*o**2 + 5*o + 4. List the prime factors of s(b).
2, 53
Let l(g) be the second derivative of 22*g**4/3 - g**3/6 + g**2 - 19*g. Let r be l(1). Let m = r - 59. List the prime factors of m.
2, 3, 5
Let r be -4 + (1 - -2 - -1). Suppose 2*j + 3*l + 5 = r, 1 = -2*j - 4*l + 5*l. List the prime factors of (j - (1 + -5))/(1/67).
3, 67
List the prime factors of 1/(-2) - 39425/(-50).
2, 197
Suppose -2*y + 3*i = -43573, 0 = -5*y + 14*i - 17*i + 108922. List the prime factors of y.
5, 4357
Suppose 12*h = 6*h + 162. Suppose 0 = -6*i + 3*i + h. Suppose 750 = i*r - 60. What are the prime factors of r?
2, 3, 5
What are the prime factors of (11529/(-2))/(-3)*(-545 + 559)?
3, 7, 61
Let y(f) = f**2 - 238. Let a be y(0). Suppose 0 = -255*l + 309*l - 22464. Let w = l + a. What are the prime factors of w?
2, 89
Let y be (-1 - (-1 + -67)) + 1. Suppose 0 = -2*t + 4*k + 34, -4*t = -4*k + 2*k - y. What are the prime factors of t?
17
Let h(l) = 3*l**3 + 11*l**2 - 30*l - 11. Let d(t) = -5*t**2 - 112*t - 38. Let x be d(-22). List the prime factors of h(x).
853
Let q = -21031 + 62634. List the prime factors of q.
41603
Let j(u) = 2*u**3 - 4*u**2 - 4*u + 17384. List the prime factors of j(0).
2, 41, 53
Suppose -3*n = -6, 